+ 5561?
47ac
In base 12, what is -4 - 38824?
-38828
In base 8, what is -3740 - -2544242?
2540302
In base 15, what is -b - 447ab97?
-447aba3
In base 16, what is a5bc366 - 1?
a5bc365
In base 12, what is 105b1a1 - 5?
105b198
In base 5, what is -42330134 - -123?
-42330011
In base 3, what is 121120221120101 + -11?
121120221120020
In base 6, what is -1042123 - -2004?
-1040115
In base 12, what is -530a2b + 10?
-530a1b
In base 11, what is -4430 - 307?
-4737
In base 12, what is -320 + -4680?
-49a0
In base 13, what is 15c2926 - -1?
15c2927
In base 9, what is -154258 + -21?
-154280
In base 4, what is -11102201002001 - -11?
-11102201001330
In base 4, what is 1003201013 - 11031?
1003123322
In base 5, what is -2013414240013 + 1?
-2013414240012
In base 15, what is 5 - 418d9?
-418d4
In base 6, what is -15451220 + -214?
-15451434
In base 9, what is -35787436 + -4?
-35787441
In base 9, what is 10380 - 44270?
-33780
In base 12, what is -21 + 284ba?
28499
In base 2, what is -101110010 - -10010101100111011011?
10010101100001101001
In base 9, what is -134 - 11241?
-11375
In base 7, what is -3323541256 + 4?
-3323541252
In base 3, what is 20012110 + -2210212?
10101121
In base 11, what is -25a676 + 4?
-25a672
In base 7, what is 132 + 2621206?
2621341
In base 10, what is -10172 + 11054?
882
In base 10, what is 5030 - 102922?
-97892
In base 9, what is -30 - 653153?
-653183
In base 6, what is -4331 + 5043?
312
In base 14, what is -2 + 108dd56?
108dd54
In base 6, what is 1411545041 - -15?
1411545100
In base 11, what is -2a6a8 - -77?
-2a631
In base 6, what is -42 + -454155?
-454241
In base 4, what is -2330 + -23103231?
-23112221
In base 10, what is -248205 - -2204?
-246001
In base 16, what is -18cb87 + 39?
-18cb4e
In base 3, what is -22211012102101200 + 0?
-22211012102101200
In base 15, what is 129 - -3e0a?
4034
In base 2, what is -1101111110011 - 1001111000?
-1111001101011
In base 14, what is -7 - -228ad6?
228acd
In base 6, what is 323 - -13423?
14150
In base 15, what is -6352 + -4b3?
-6815
In base 3, what is -22020010102 + 2020100?
-22010220002
In base 5, what is -30303 + -4201?
-40004
In base 11, what is 5174 + 997?
6060
In base 2, what is -10101101100000011 - -1101110000?
-10101011110010011
In base 5, what is -121 + -1140430030?
-1140430201
In base 5, what is -4 - -444231310?
444231301
In base 13, what is 0 - 94c2542?
-94c2542
In base 13, what is 317 + -54911?
-545c7
In base 6, what is 55024132 + 400?
55024532
In base 8, what is -3365 + 12727?
7342
In base 3, what is -2220011 + -120121201?
-200111212
In base 15, what is -3 + 25409b9?
25409b6
In base 5, what is 1313 - 43301420?
-43300102
In base 8, what is 4474444560 + 4?
4474444564
In base 2, what is 11000001 + -111010?
10000111
In base 10, what is 48427 + -1728?
46699
In base 8, what is 1 + -14326416?
-14326415
In base 7, what is -413615440 - 5?
-413615445
In base 14, what is -5 - 121474c0?
-121474c5
In base 6, what is 2403355 - -2?
2403401
In base 9, what is 4865562 + 7?
4865570
In base 2, what is 100000100101 + -1111011101010101?
-1110111100110000
In base 15, what is 17 + e715d?
e7175
In base 6, what is 121 + 143441415?
143441540
In base 7, what is 4 - -563465232?
563465236
In base 3, what is 12 - -200202021122011?
200202021122100
In base 10, what is 16 - -87289?
87305
In base 16, what is 2cc - -295b?
2c27
In base 12, what is 4561 - 5909?
-1368
In base 13, what is bbc + 88b?
177a
In base 11, what is -5 - -7a9a051?
7a9a047
In base 9, what is 467316 - 417?
466788
In base 11, what is 2728 - -45070?
47798
In base 16, what is -1 + -2dbf2a?
-2dbf2b
In base 11, what is 1 + -14798702?
-14798701
In base 5, what is 203012321122 - -3?
203012321130
In base 9, what is 775 + -4686?
-3811
In base 14, what is 2a6d47 + -54?
2a6cd3
In base 4, what is -3032220002 + -1030?
-3032221032
In base 15, what is -4354c4 - -4?
-4354c0
In base 8, what is 2 + 103631515?
103631517
In base 12, what is -9 - 2693248?
-2693255
In base 11, what is -108 + -289?
-396
In base 10, what is 245 - -11086?
11331
In base 9, what is -44810 + -554?
-45464
In base 13, what is -c1b733 + 13?
-c1b720
In base 4, what is -3330000120 + -200?
-3330000320
In base 16, what is 10704a6 + -2c?
107047a
In base 8, what is 26520 - -1430?
30150
In base 5, what is 43241 - -13142?
111433
In base 2, what is -1011000101010101110000001 - 0?
-1011000101010101110000001
In base 2, what is -101000001110111 - 101?
-101000001111100
In base 7, what is 5063 - -1240554?
1245650
In base 3, what is -1 + 12001121222200?
12001121222122
In base 15, what is -8c + 9987a2?
998715
In base 6, what is -151533 + 22414?
-125115
In base 6, what is -405051130 + -2?
-405051132
In base 3, what is 12012111200 - 2220221?
12002120202
In base 14, what is -29311 + 4dc?
-28c13
In base 5, what is -14 - 1333333031?
-1333333100
In base 9, what is -2213228122 - -3?
-2213228118
In base 2, what is -11110011 - 101010001110001?
-101010101100100
In base 14, what is 142 + -24c2?
-2380
In base 8, what is 2005152 - -70?
2005242
In base 6, what is -1 - -5411244305?
5411244304
In base 7, what is -234425 - -4633?
-226462
In base 11, what is 2 - -1538996?
1538998
In base 2, what is -1001100011001 + 10100010101101?
1010110010100
In base 6, what is 0 - 133444044?
-133444044
In base 8, what is 2326205 - 22?
2326163
In base 16, what is c7b7f - -2?
c7b81
In base 13, what is 2 + -302b84?
-302b82
In base 11, what is 267a33 + -45?
267999
In base 9, what is -32183804 + 4?
-32183800
In base 16, what is -4 - 25245b4?
-25245b8
In base 3, what is 10110212122101001 + 0?
10110212122101001
In base 3, what is -112112102000211212 - 12?
-112112102000212001
In base 10, what is -32 + -7119808?
-7119840
In base 3, what is -1200002100202110201 - -1?
-1200002100202110200
In base 7, what is -122241 + 5136?
-114102
In base 12, what is a499 - -1a9?
a686
In base 7, what is 221523445 + -5?
221523440
In base 11, what is -36a697 - 25?
-36a711
In base 13, what is -3 - 459323?
-459326
In base 14, what is -3 + 8588c37?
8588c34
In base 6, what is -415 - -22242504?
22242045
In base 9, what is 2 + -412213812?
-412213810
In base 16, what is -112e - -cd8?
-456
In base 7, what is -101603 + 164?
-101406
In base 7, what is 330 + -505645?
-505315
In base 9, what is 3 + -4441811?
-4441807
In base 4, what is -313003213310 + 201?
-313003213103
In base 11, what is -23610 - 167a?
-2518a
In base 2, what is -11001011110 + 1000000100101?
100111000111
In base 14, what is -467d4 - 2?
-467d6
In base 9, what is -8 - 633801?
-633810
In base 12, what is 52a243b - -1?
52a2440
In base 16, what is 9a4b3a + -7?
9a4b33
In base 8, what is -534 - -510145?
507411
In base 13, what is -2 - -88654b?
886549
In base 8, what is 7 - 50045213?
-50045204
In base 14, what is 5 + a39b23c?
a39b243
In base 8, what is 50441370 - 32?
50441336
In base 14, what is 19b478cc - -4?
19b478d2
In base 9, what is 44205572 + 1?
44205573
In base 5, what is -302204 + 32232?
-214422
In base 4, what is 3 - 1300112001231?
-1300112001222
In base 6, what is -5320534 + -151?
-5321125
In base 9, what is 5 + -245233228?
-245233223
In base 13, what is 5 + -135c2bb?
-135c2b6
In base 7, what is 0 - -2234460550?
2234460550
In base 13, what is -2044 + -13661?
-156a5
In base 11, what is -2851429a7 - 1?
-2851429a8
In base 10, what is 17424 - 4547?
12877
In base 14, what is -11386 - 2cb5?
-1425b
In base 13, what is 69 - 49acc6?
-49ac5a
In base 10, what is -663538827 + 2?
-663538825
In base 5, what is -3 + -330031334344?
-330031334402
In base 7, what is -653433 - -1155?
-652245
In base 10, what is 222564 - -13?
222577
In base 11, what is -1 - -426956?
426955
In base 12, what is 628a9a - 1?
628a99
In base 13, what is 6 - 4cc5a2?
-4cc599
In base 11, what is 16a + -3215?
-3056
In base 13, what is 1191 + 2a3b?
3bcc
In base 16, what is -f - -4140?
4131
In base 4, what is 1310 + 10211132330?
10211200300
In base 15, what is 0 + 22a076?
22a076
In base 6, what is 1212014033 + 3?
1212014040
In base 7, what is 16 + 36056405?
36056424
In base 15, what is 6dd3de1 + -9?
6dd3dd7
In base 13, what is -9bc04cb - 2?
-9bc0500
In base 7, what is 320121 + -133141?
153650
In base 4, what is -210113 - -102200300?
101330121
In base 2, what is -100 + 1000010010001110111010?
1000010010001110110110
In base 10, what is -379783 + -2?
-379785
In base 8, what is 16